60. What is the remainder when 426 is divided by o?
30
Let q(b) = 2*b**3 - 13*b**2 - 15*b + 240. Calculate the remainder when q(8) is divided by 232.
80
Suppose -k = -4*s, -4*s + 5 = s. What is the remainder when k*(-1)/(-8) + 606/12 is divided by 29?
22
Suppose v - 2*m + 4*m + 49 = 0, 0 = v + 3*m + 47. Let k(a) = a + 60. Let g be k(40). Let t = g + v. What is the remainder when t is divided by 12?
11
Calculate the remainder when (-2 + 7)/(880/75856) is divided by 55.
46
Suppose -12*c + 77 = 5. Let x(j) = j + 42. Calculate the remainder when 184 is divided by x(c).
40
Let h(l) = -9*l + 36. Let w = -109 - -112. Let v be h(w). Suppose 104 = -v*t + 365. What is the remainder when 35 is divided by t?
6
Suppose -3*w = -3*k - 598 + 178, 3*k = -w + 128. Let p(d) = 2*d**2 - 4*d + 5. Let z = 12 + -7. Calculate the remainder when w is divided by p(z).
32
Suppose -137*z - 52 = 113*z - 263*z. What is the remainder when 805 is divided by z?
1
Let m(w) = -4*w + 25. Let b be m(5). Let s be (-2)/b - (-1196)/65. What is the remainder when 77 is divided by (12 - 11) + (-2)/(-2) + s?
17
Let q(f) = -32*f - 57. Let j be (-6)/2 - ((-10)/(-2))/5. Calculate the remainder when 84 is divided by q(j).
13
Suppose 16*u - 588 = 13*u. Calculate the remainder when u is divided by (-2)/(-11) + 39/(-66)*(11 - 75).
6
Suppose h - n - 76 = -0*n, 4*h + n = 314. Suppose -p + h = -2*b, -7*p = -6*p + 3*b - 83. Calculate the remainder when p is divided by 17.
12
Let i = 3573 - 2492. Calculate the remainder when i is divided by 42.
31
Suppose 0 = -3*t + 10 + 2. Suppose 0*d + 2*d + 60 = -t*j, -5*j = 5*d + 175. Let u = -30 - d. What is the remainder when 38 is divided by u?
8
Suppose -5*y - 407 = 113. Suppose 0 = -15*z + 3*z - 2892. Let l = y - z. What is the remainder when l is divided by 35?
32
Let a(k) = 11*k + 3. Let h(x) = 32*x + 10. Let q be 28/70 - (-136)/(-10)*-1. Let g(t) = q*a(t) - 5*h(t). Calculate the remainder when g(-2) is divided by 2.
0
Let r(m) = 3*m**3 + 50*m**2 - 38*m - 253. What is the remainder when 313 is divided by r(-17)?
1
Let t = -4529 - -4564. What is the remainder when 472 is divided by t?
17
Let k = 107 - 103. Let p(q) = -18*q + 99. What is the remainder when (-4)/18 + 920/9 is divided by p(k)?
21
Let h(o) = 6*o**2 - 7*o + 26. Let u be h(-5). Let s = 282 - u. What is the remainder when s is divided by 36?
35
Let u = -17 - -11. Calculate the remainder when 98 is divided by ((-240)/u - 2) + -5.
32
Let t(p) = -55*p - 333. Let j be t(-26). Suppose 6*l = -j + 1271. What is the remainder when l is divided by 8?
5
Let y = 1619 - 1305. What is the remainder when y is divided by 93?
35
Suppose 3*m - 4047 = -50*j + 44*j, -m - 5*j + 1361 = 0. What is the remainder when m is divided by 24?
21
Suppose -9*i + 690 + 2021 = 686. What is the remainder when 21372 is divided by i?
222
Suppose -2*q - 1135 = -7*q. Let j = -5539 + 5585. What is the remainder when q is divided by j?
43
Let r = 640 + -448. Let s(m) = m**3 - 346*m**2 + 2045*m - 1667. Calculate the remainder when r is divided by s(340).
27
Let c = -42 - -47. What is the remainder when 4 - (c + -2) - (-66)/2 is divided by 6?
4
Let a be ((-8)/(-12) + 2)*3. Suppose 10 = 2*s - a. Suppose 5*i - 75 = -0*i - 2*q, -i = 4*q - 15. What is the remainder when i is divided by s?
6
Let q(l) = -l**3 + 4*l**2 + l + 35. Calculate the remainder when 51 is divided by q(0).
16
Let v = -639 - -643. Suppose 0 = -v*x + 5*a + 2007 - 295, 870 = 2*x + a. What is the remainder when x is divided by 87?
85
Suppose 0 = 5*n + 4*t - 9847, 104*n + t - 5911 = 101*n. What is the remainder when n is divided by 58?
57
Let r(y) = y**3 + 9*y**2 - 19*y + 12. Let s = -115 - -112. Let z be 15/(-3)*(s + 5). What is the remainder when r(z) is divided by 35?
32
Let z(r) = r**2 - 3*r - 30. Let s be z(-4). Calculate the remainder when 76 is divided by (s - (7 - 5))*-5.
16
Let t(f) = 81*f - 700. What is the remainder when (-67 + 2)*(-3)/3 is divided by t(9)?
7
What is the remainder when 154 is divided by 38 - 0 - (-10 + 9 - 6)?
19
Let r(b) = -31*b**3 - 2*b + 1. Calculate the remainder when (218/6)/((-18)/(-54)) is divided by r(-1).
7
Suppose -2*i - 5 = -45. Suppose 19*p - 167 = 16*p - x, p = 4*x + 47. Suppose p = 2*o - 59. Calculate the remainder when o is divided by i.
17
Suppose 5*p - 15 = -y - 0*y, -11 = -y - 3*p. Suppose 15*a = -11*a + 1196. Calculate the remainder when a is divided by y.
1
Suppose -2*b = 2*b - 8, -112 = 5*n + 4*b. Calculate the remainder when (1164/n)/(((-14)/16)/7) is divided by 65.
63
Suppose 2*u - 1176 = -4*h, 4*u - 3*h - 395 = 1935. Let x = -167 + u. What is the remainder when x is divided by 14?
11
Let z be (6/(-12)*16)/(1 - 2). Suppose z*x - 511 = 673. Calculate the remainder when x is divided by 32.
20
Let s(f) = 139*f**2 - f - 3. Let v be 2 + 8/4 + 3. Let l = v - -13. What is the remainder when s(-1) is divided by l?
17
Let f(a) = a**3 - a**2 + 1. Let w be f(1). Let t be w*8/(-12)*-3. Suppose 5*p - m - 98 = -5*m, 30 = t*p - 3*m. What is the remainder when p is divided by 7?
4
Let j = 10990 - 10307. What is the remainder when j is divided by 19?
18
Suppose 28 = 4*g - 40. Suppose 61*o - n = 65*o - 944, 3*o + 5*n = 691. What is the remainder when o is divided by g?
16
Let o be (-20)/(-4) + (17 - 17). Suppose -20 = -5*h, -p - o = 5*h - 62. Calculate the remainder when 68 is divided by p.
31
Let z = 11 + -1. Let b = 44 - 44. Suppose b = -z*f + 3*f + 147. What is the remainder when 56 is divided by f?
14
Let n = -797 + 1285. Let k = 589 - n. Calculate the remainder when k is divided by 7.
3
Suppose 10*d + 1064 = 3434. What is the remainder when 295 is divided by d?
58
Let m(a) = 6*a**2 - 3*a - 10. Let f = -35 - -97. Suppose 3*b = -3*q + 48, -q - 20 = 3*b - f. What is the remainder when m(4) is divided by b?
9
Suppose 0 = 2*q + 5*h - 741, -2*q + 25 + 706 = -5*h. Calculate the remainder when q is divided by 25.
18
Let c be -8*((-8 - 157) + 4/2). What is the remainder when (-6 - c)/(-10) - (1 - 0) is divided by 33?
31
Suppose 3*q = -40*h + 36*h + 22, -2*q + 4*h = -48. Calculate the remainder when 301 is divided by 358/q - 114/(-266).
15
What is the remainder when (-1096)/(12 + -4 - 10) is divided by 527?
21
Suppose -3*n + 2*j + 1205 = 0, -58*n = -56*n - 3*j - 795. What is the remainder when n is divided by 130?
15
Let v(n) = n**2 - 25*n - 82. Let i be v(28). What is the remainder when 176 is divided by i/(-6)*(6 - 141)?
41
Suppose 7*s - 36*s + 6779 = -413. Calculate the remainder when 2230 is divided by s.
246
Let a = 2067 - 795. Calculate the remainder when a is divided by 422.
6
Let h = -62960 + 62974. What is the remainder when (1914/3 - -2)*1 is divided by h?
10
Let c be ((-2)/(-9)*-6)/(6/(-45)). Suppose -c*o + 1153 = -377. What is the remainder when o is divided by 26?
23
Suppose -16*o - 9450 = -166*o. Calculate the remainder when 450 is divided by o.
9
Suppose 9*j + 24*j - 1716 = 0. Calculate the remainder when 534 is divided by j.
14
Let v(x) = -3*x - 4. What is the remainder when ((-110)/(-15))/11 - (-16192)/138 is divided by v(-10)?
14
Let a = -257 - 8. Let l = 280 + a. What is the remainder when 55 is divided by l?
10
Let u(v) = v**3 + v**2 - 13*v + 8. Suppose -12 = -4*d + 4. What is the remainder when 178 is divided by u(d)?
34
Suppose 5*f + 14 = 4*l, -4*f - 4 = -4*l + 12. Let k(q) = 3*q**2 - 18*q + 37. Calculate the remainder when k(l) is divided by 5.
2
Let h = -4086 - -4381. What is the remainder when 833 is divided by h?
243
Let h be -169*(7 - 40/5). Let v = 211 - h. What is the remainder when v is divided by 34?
8
What is the remainder when 230 is divided by (180/25)/((-26)/(-65))?
14
Let b be 12/(-4)*-6*(-6)/(-12). Suppose -4*h + 108 = -5*t, -7 = -4*t + b. Calculate the remainder when 96 is divided by h.
0
Let o(s) = 27 + s + 0*s - 38 - 16 + 2*s**2. What is the remainder when o(-7) is divided by 18?
10
Let p(r) = 2*r + 7. Let f be 9 + (3 + 0)/(-3). Suppose -6 = -x + f. What is the remainder when p(x) is divided by 12?
11
Let x be 2/(-3) + -5*(-51)/45. Suppose 2*t - 5 - x = -2*y, 0 = -5*t - 4*y + 26. Calculate the remainder when t is divided by 4.
2
Let z = 4 + -2. Suppose z*u + 5*f = -0*u + 38, 2*f + 10 = u. Suppose 0 = -15*n + 63*n + 9*n - 3876. Calculate the remainder when n is divided by u.
12
Suppose 6*s - 12883 - 3071